NOAA-Style Climate Reports

Select a Year or Month report
2020: Jan Feb Mar Apr May Jun Jul Aug Sep Oct Nov Dec
2019: Jan Feb Mar Apr May Jun Jul Aug Sep Oct Nov Dec
2018: Jan Feb Mar Apr May Jun Jul Aug Sep Oct Nov Dec
2017: Jan Feb Mar Apr May Jun Jul Aug Sep Oct Nov Dec
2016: Jan Feb Mar Apr May Jun Jul Aug Sep Oct Nov Dec

Report for 2019 October
                   Monthly Climatological Summary for Oct 2019

Name: Wyong Creek   City: Wyong Creek   State: NSW
Elevation: 40 m  Lat: S 33 16 36   Lon: E 151 21 20

                  Temperature (°C), Rain (mm), Wind Speed (km/h)

                                      Heat  Cool        Avg
    Mean                              Deg   Deg         Wind                 Dom
Day Temp  High   Time   Low    Time   Days  Days  Rain  Speed High   Time    Dir
----------------------------------------------------------------------------------
01  14.9  21.3   15:32  10.5   05:35   3.8   0.3   0.0   0.9  23.8   14:14    NE
02  16.9  26.9   15:11   9.0   05:34   3.4   2.0   0.0   1.2  29.6   16:08   NNE
03  19.1  29.0   15:47  10.7   05:00   2.4   3.2   0.0   1.1  18.7   15:50    NE
04  21.0  33.5   14:28  13.1   05:12   1.0   3.7   0.0   4.3  80.8   15:07    SW
05  16.6  18.7   11:30  13.4   23:32   1.7   0.0   5.6   0.4  11.5   13:58     E
06  18.6  26.4   16:58  13.0   01:22   1.7   2.0   0.0   0.8  26.0   14:43   NNE
07  19.5  25.3   14:03  14.9   06:45   0.8   2.0   0.0   1.2  32.4   12:48   ENE
08  18.1  25.6   13:49  12.4   23:55   1.6   1.4   0.0   2.9  79.3   14:40    SW
09  14.4  19.9   15:07  10.1   06:43   4.0   0.1   0.0   2.6  41.1   17:22   SSE
10  14.5  20.4   13:32   9.9   06:20   3.9   0.1   0.0   2.4  25.2   14:22   ESE
11  13.8  18.9   10:06  10.2   05:59   4.5   0.0   7.4   0.8  18.7   14:18   ENE
12  13.3  17.0   12:15  11.7   00:28   5.0   0.0   8.1   1.1  53.4   11:50   ESE
13  14.4  19.6   15:50  10.4   23:22   4.0   0.1   0.0   1.0  15.9   14:16   ENE
14  16.2  24.5   13:28   9.8   04:01   3.5   1.4   0.0   0.9  13.7   14:00   ENE
15  18.8  26.4   16:11  11.8   06:05   1.9   2.5   0.0   2.0  41.1   15:23   ENE
16  18.9  26.0   13:57  14.4   06:34   1.1   1.8   0.0   0.8  16.6   14:27   NNE
17  21.2  29.5   14:10  15.2   06:19   0.8   3.7   0.6   5.5  98.1   17:31    SW
18  16.6  24.5   13:05   8.8   06:38   3.2   1.5   0.0   1.9  51.9   13:52   NNE
19  18.8  29.5   16:02   8.8   05:44   2.8   3.3   0.0   3.5  41.8   13:16   WSW
20  16.6  23.1   15:00  10.2   06:31   2.8   1.1   0.0   1.9  36.0   18:19   ENE
21  17.0  24.7   13:19  10.3   06:14   3.0   1.7   0.0   1.1  21.6   14:49    NE
22  18.0  26.2   14:18  10.8   05:48   2.4   2.1   0.0   1.5  18.7   14:21   ENE
23  20.7  28.7   15:37  14.7   02:01   0.9   3.4   0.0   1.3  30.3   18:42    NE
24  20.9  29.0   13:37  13.5   06:03   1.0   3.6   0.0   0.6  21.6   18:05    NE
25  24.7  35.5   14:43  15.7   03:58   0.3   6.7   0.0   4.6  38.9   12:34     W
26  23.9  32.2   16:17  16.6   06:48   0.1   5.7   0.0   6.9  98.1   15:45   WSW
27  18.3  25.3   12:41  12.3   06:27   1.8   1.8   0.0   1.9  41.1   14:31    NE
28  17.6  24.6   12:14   0.0   23:20   1.9   1.2   0.6   1.5  37.5   16:14     E
29  18.9  26.7   14:10  11.8   05:28   1.9   2.5   0.0   1.5  38.9   11:09    NE
30  19.6  26.6   13:57  13.3   05:51   1.4   2.7   0.0   0.2  10.8   12:19    NE
31  21.0  29.0   16:04  13.6   05:28   1.0   3.8   0.0   0.9  38.2   15:46   ENE
----------------------------------------------------------------------------------
    18.2  35.5    25     0.0    28    69.6  65.4  22.3   1.9  98.1    17       E

Max >=  27.0  9
Max <=   0.0  0
Min <=   0.0  1
Min <= -18.0  0
Max Rain: 8.1 on day 12
Days of Rain: 5 (>= 0.2 mm)  3 (>= 2.0 mm)  0 (>= 20.0 mm)
Heat Base: 18.3  Cool Base: 18.3  Method: Integration