NOAA-Style Climate Reports

Select a Year or Month report
2021: Jan Feb Mar Apr May Jun Jul Aug Sep Oct Nov Dec
2020: Jan Feb Mar Apr May Jun Jul Aug Sep Oct Nov Dec
2019: Jan Feb Mar Apr May Jun Jul Aug Sep Oct Nov Dec
2018: Jan Feb Mar Apr May Jun Jul Aug Sep Oct Nov Dec
2017: Jan Feb Mar Apr May Jun Jul Aug Sep Oct Nov Dec
2016: Jan Feb Mar Apr May Jun Jul Aug Sep Oct Nov Dec

Report for 2021 January
                   Monthly Climatological Summary for Jan 2021

Name: Wyong Creek   City: Wyong Creek   State: NSW
Elevation: 40 m  Lat: S 33 16 36   Lon: E 151 21 20

                  Temperature (°C), Rain (mm), Wind Speed (km/h)

                                      Heat  Cool        Avg
    Mean                              Deg   Deg         Wind                 Dom
Day Temp  High   Time   Low    Time   Days  Days  Rain  Speed High   Time    Dir
----------------------------------------------------------------------------------
01  18.3  20.5   12:12  16.8   22:39   0.3   0.4   6.6   2.3  47.6   21:52    SE
02  18.6  21.5   15:39  16.6   03:42   0.5   0.8   0.9   2.5  35.3   07:20    SW
03  21.5  26.3   16:26  18.0   04:12   0.0   3.2   0.6   1.4  31.7   14:29    NE
04  21.3  29.7   14:21  17.8   05:11   0.0   3.0  19.8   1.9  42.5   16:37    SW
05  22.8  30.5   14:59  17.0   03:46   0.2   4.7   0.0   3.6  35.3   09:20     W
06  21.0  23.7   12:19  18.4   23:40   0.0   2.7   0.0   3.9  54.8   15:25    SE
07  19.8  25.0   14:31  16.7   23:53   0.1   1.7   2.1   4.3  33.9   13:26   ESE
08  18.2  23.1   15:00  14.9   01:48   1.1   1.0   3.6   3.2  48.3   04:31    SE
09  19.1  25.5   16:29  15.6   04:12   0.8   1.6   5.7   2.4  21.6   13:12     E
10  21.3  28.5   15:15  14.4   06:09   0.9   3.9   0.0   2.9  49.0   14:50    NE
11  22.3  29.3   15:43  15.7   05:56   0.5   4.5   0.0   3.2  40.4   13:00    NE
12  23.3  31.7   13:11  15.7   06:11   0.3   5.3   0.0   2.3  27.4   17:16   ENE
13  23.8  31.0   13:35  17.2   06:06   0.1   5.6   0.0   3.8  46.1   09:54    NE
14  25.1  37.3   15:52  18.2   04:13   0.0   6.8   0.3   3.4  34.6   21:17     E
15  24.3  30.4   15:03  19.5   23:58   0.0   6.0   0.0   3.3  47.6   09:30   NNE
16  20.9  28.0   14:46  15.5   23:43   0.5   3.2   0.0   4.5  51.9   12:20    SW
17  20.2  27.7   13:33  13.4   06:04   1.2   3.2   0.0   3.2  36.0   10:53     E
----------------------------------------------------------------------------------
    21.3  37.3    14    13.4    17     6.5  57.6  39.6   3.1  54.8     6       E

Max >=  27.0 10
Max <=   0.0  0
Min <=   0.0  0
Min <= -18.0  0
Max Rain: 19.8 on day 4
Days of Rain: 8 (>= 0.2 mm)  5 (>= 2.0 mm)  0 (>= 20.0 mm)
Heat Base: 18.3  Cool Base: 18.3  Method: Integration