NOAA-Style Climate Reports


Report for 2024 July
                   Monthly Climatological Summary for Jul 2024

Name: Wyong Creek   City: Wyong Creek   State: NSW
Elevation: 40 m  Lat: S 33 16 36   Lon: E 151 21 20

                  Temperature (°C), Rain (mm), Wind Speed (km/h)

                                      Heat  Cool        Avg
    Mean                              Deg   Deg         Wind                 Dom
Day Temp  High   Time   Low    Time   Days  Days  Rain  Speed High   Time    Dir
----------------------------------------------------------------------------------
01  10.5  14.9   13:21   7.8   06:51   7.8   0.0   1.6   3.5  43.3   09:57    SW
02  10.1  12.9   14:15   8.0   05:04   8.2   0.0  10.4   2.4  37.5   02:48     S
03  11.5  16.2   13:24   9.2   04:56   6.8   0.0   5.8   3.3  26.0   14:43     S
04  11.8  16.2   13:43   9.0   07:35   6.5   0.0   3.6   2.4  23.1   20:57   SSE
05  11.9  16.2   12:56   9.7   22:07   6.4   0.0   8.6   2.3  49.7   12:06    SE
06  12.2  16.9   12:46  10.0   00:58   6.1   0.0   4.2   2.4  35.3   11:13   SSE
07  12.0  15.5   14:48   8.2   07:16   6.3   0.0   3.8   1.3  13.7   13:54   SSW
08  13.0  16.2   13:36  11.3   03:01   5.3   0.0   1.8   1.0  40.4   14:34   NNW
09  12.8  18.2   15:01  10.0   21:25   5.5   0.0   4.0   2.0  19.5   23:03    SW
10  11.9  17.8   13:51   8.1   06:35   6.4   0.0   0.0   4.0  41.1   12:48    SW
11  10.9  17.2   13:01   6.8   07:02   7.4   0.0   0.0   1.5  13.0   08:37    SW
12  11.2  17.8   14:26   8.5   04:58   7.1   0.0   0.0   2.3  25.2   13:23   WSW
13  11.8  17.5   14:01   8.2   23:44   6.5   0.0   0.0   4.5  58.4   10:57    SW
----------------------------------------------------------------------------------
    11.7  18.2     9     6.8    11    86.3   0.0  43.8   2.5  58.4    13     SSW

Max >=  27.0  0
Max <=   0.0  0
Min <=   0.0  0
Min <= -18.0  0
Max Rain: 10.4 on day 2
Days of Rain: 9 (>= 0.2 mm)  7 (>= 2.0 mm)  0 (>= 20.0 mm)
Heat Base: 18.3  Cool Base: 18.3  Method: Integration