NOAA-Style Climate Reports

Select a Year or Month report
2023: Jan Feb Mar Apr May Jun Jul Aug Sep Oct Nov Dec
2022: Jan Feb Mar Apr May Jun Jul Aug Sep Oct Nov Dec
2021: Jan Feb Mar Apr May Jun Jul Aug Sep Oct Nov Dec
2020: Jan Feb Mar Apr May Jun Jul Aug Sep Oct Nov Dec
2019: Jan Feb Mar Apr May Jun Jul Aug Sep Oct Nov Dec
2018: Jan Feb Mar Apr May Jun Jul Aug Sep Oct Nov Dec
2017: Jan Feb Mar Apr May Jun Jul Aug Sep Oct Nov Dec
2016: Jan Feb Mar Apr May Jun Jul Aug Sep Oct Nov Dec

Report for 2023 January
                   Monthly Climatological Summary for Jan 2023

Name: Wyong Creek   City: Wyong Creek   State: NSW
Elevation: 40 m  Lat: S 33 16 36   Lon: E 151 21 20

                  Temperature (°C), Rain (mm), Wind Speed (km/h)

                                      Heat  Cool        Avg
    Mean                              Deg   Deg         Wind                 Dom
Day Temp  High   Time   Low    Time   Days  Days  Rain  Speed High   Time    Dir
----------------------------------------------------------------------------------
01  22.1  28.5   16:07  18.1   05:55   0.0   3.8   6.6   4.4  48.3   17:38    NE
02  23.5  29.9   14:01  17.4   05:53   0.0   5.2   0.0   6.2  49.0   19:26    NE
03  24.1  31.3   14:44  17.8   05:02   0.0   5.8   0.0   5.5  47.6   15:25    NE
04  22.4  28.0   11:09  19.4   23:47   0.0   4.1   5.1   4.7  55.5   15:32   ENE
05  18.2  22.0   15:26  15.8   21:19   0.6   0.5   3.0   4.4  44.7   16:05     S
06  18.2  23.8   13:14  14.6   05:53   1.1   1.1  22.5   5.2  31.7   11:33   SSW
07  19.1  23.8   13:14  16.3   04:44   0.5   1.3   3.3   3.7  41.8   13:03   SSE
08  20.2  27.0   14:58  15.6   23:45   0.7   2.6   0.3   3.4  62.0   11:33     E
09  21.4  29.5   12:24  14.5   05:30   1.0   4.2   0.0   4.2  38.9   14:20    NE
10  21.5  28.6   13:12  15.2   05:57   0.7   3.8   0.0   3.3  34.6   16:43   ESE
11  22.2  28.3   15:33  18.6   06:23   0.0   3.9   0.0   2.8  28.8   12:10   ENE
12  22.2  28.7   15:56  16.9   05:43   0.2   4.1   0.0   3.6  24.5   13:45    NE
13  22.4  28.9   13:32  17.3   04:38   0.1   4.2   0.0   4.3  42.5   14:14    NE
14  22.8  29.7   14:40  17.8   06:06   0.0   4.5   0.0   5.9  49.0   11:37   NNE
15  24.2  32.6   17:13  16.2   06:18   0.2   6.1   0.0   4.9  34.6   12:23    NE
16  24.1  30.4   16:30  19.4   05:29   0.0   5.8   0.0   4.7  31.7   16:59   ENE
17  23.6  30.1   15:28  18.7   03:56   0.0   5.3   2.1   4.3  39.7   10:42    NE
18  24.8  34.4   15:13  16.9   04:23   0.2   6.7   4.2   4.2  43.3   16:54    NE
19  19.6  22.6   00:00  17.0   22:57   0.1   1.4   2.1   3.5  41.8   13:37   SSE
20  18.7  22.2   17:19  16.6   03:36   0.6   0.9  10.5   3.4  24.5   10:33    SE
21  20.4  27.5   13:05  14.0   05:55   0.9   2.9   0.0   4.4  41.1   18:37    NE
22  19.1  22.1   16:39  16.8   23:55   0.2   1.1  12.6   1.8  13.0   04:54   SSE
23  20.0  27.3   15:59  15.2   06:13   0.8   2.6   0.0   3.2  31.0   14:06    SE
24  23.2  30.4   15:14  16.2   05:23   0.4   5.4   1.2   4.2  30.3   16:55    NE
25  23.2  30.3   16:44  16.8   05:39   0.2   5.1   0.0   4.0  41.8   20:06    NE
26  25.1  34.0   12:38  19.6   23:51   0.0   6.8   3.6   4.2  31.0   18:26    NE
----------------------------------------------------------------------------------
    21.8  34.4    18    14.0    21     8.5  99.2  77.1   4.2  62.0     8     ENE

Max >=  27.0 20
Max <=   0.0  0
Min <=   0.0  0
Min <= -18.0  0
Max Rain: 22.5 on day 6
Days of Rain: 13 (>= 0.2 mm)  11 (>= 2.0 mm)  1 (>= 20.0 mm)
Heat Base: 18.3  Cool Base: 18.3  Method: Integration