NOAA-Style Climate Reports

Select a Year or Month report
2020: Jan Feb Mar Apr May Jun Jul Aug Sep Oct Nov Dec
2019: Jan Feb Mar Apr May Jun Jul Aug Sep Oct Nov Dec
2018: Jan Feb Mar Apr May Jun Jul Aug Sep Oct Nov Dec
2017: Jan Feb Mar Apr May Jun Jul Aug Sep Oct Nov Dec
2016: Jan Feb Mar Apr May Jun Jul Aug Sep Oct Nov Dec

Report for 2020 February
                   Monthly Climatological Summary for Feb 2020

Name: Wyong Creek   City: Wyong Creek   State: NSW
Elevation: 40 m  Lat: S 33 16 36   Lon: E 151 21 20

                  Temperature (°C), Rain (mm), Wind Speed (km/h)

                                      Heat  Cool        Avg
    Mean                              Deg   Deg         Wind                 Dom
Day Temp  High   Time   Low    Time   Days  Days  Rain  Speed High   Time    Dir
----------------------------------------------------------------------------------
01  30.2  39.4   14:10  22.1   06:01   0.0  11.9   0.0   1.3  23.1   17:18   ENE
02  27.2  34.8   10:46  23.6   23:57   0.0   8.9   8.0   2.2  26.0   15:25   ENE
03  25.2  32.6   16:05  19.1   22:58   0.0   6.9   0.0   2.0  47.6   21:59     E
04  20.2  23.6   15:29  18.3   23:07   0.0   1.9   0.0   2.1  33.9   14:10   ESE
05  20.7  25.8   13:40  15.3   04:20   0.6   2.9   0.0   1.7  52.6   17:50    NE
06  20.2  22.8   15:04  18.6   21:40   0.0   1.9  47.0   0.9  28.1   14:47   ESE
07  19.2  20.0   14:15  18.5   08:24   0.0   0.9 286.5   5.3  36.8   22:59     E
08  20.4  22.1   16:31  19.1   00:07   0.0   2.1  14.5   4.7  75.7   11:17   ENE
09  20.0  20.4   01:30  19.5   06:30   0.0   2.1 130.0   9.0  51.2   07:30     E
10  22.6  22.7   13:50  22.5   13:45   0.0   2.1   0.0   0.0   0.0   00:01     N
11  20.0  20.4   01:30  19.5   06:30   0.0   2.1   0.0  ----  51.2   07:30     E
12  22.7  27.2   15:23  19.3   07:04   0.0  17.5   0.0   1.5  81.5   04:15     E
13  23.2  27.0   13:01  20.7   23:52   0.0   4.9   1.9   1.5  24.5   12:17   ENE
14  22.7  28.0   14:53  18.7   23:53   0.0   4.4   0.6   2.0  29.6   12:44   ESE
15  22.2  28.5   17:27  16.7   05:33   0.2   4.2   1.2   0.9  39.7   13:48    NE
16  22.0  26.2   13:19  19.1   03:17   0.0   3.8   0.0   0.9  41.8   16:43     E
----------------------------------------------------------------------------------
    22.4  39.4     1    15.3     5     0.8  78.5 489.7   2.3  81.5    12       E

Max >=  27.0  7
Max <=   0.0  0
Min <=   0.0  0
Min <= -18.0  0
Max Rain: 286.5 on day 7
Days of Rain: 8 (>= 0.2 mm)  5 (>= 2.0 mm)  3 (>= 20.0 mm)
Heat Base: 18.3  Cool Base: 18.3  Method: Integration