NOAA-Style Climate Reports

Select a Year or Month report
2020: Jan Feb Mar Apr May Jun Jul Aug Sep Oct Nov Dec
2019: Jan Feb Mar Apr May Jun Jul Aug Sep Oct Nov Dec
2018: Jan Feb Mar Apr May Jun Jul Aug Sep Oct Nov Dec
2017: Jan Feb Mar Apr May Jun Jul Aug Sep Oct Nov Dec
2016: Jan Feb Mar Apr May Jun Jul Aug Sep Oct Nov Dec

Report for 2018 November
                   Monthly Climatological Summary for Nov 2018

Name: Wyong Creek   City: Wyong Creek   State: NSW
Elevation: 40 m  Lat: S 33 16 36   Lon: E 151 21 20

                  Temperature (°C), Rain (mm), Wind Speed (km/h)

                                      Heat  Cool        Avg
    Mean                              Deg   Deg         Wind                 Dom
Day Temp  High   Time   Low    Time   Days  Days  Rain  Speed High   Time    Dir
----------------------------------------------------------------------------------
01  23.0  30.3   15:16  18.2   05:31   0.0   4.7   0.0   2.1  20.9   13:25    NE
02  27.3  36.2   16:31  19.0   05:51   0.0   9.0   0.0   6.8  79.3   11:13     W
03  25.9  36.6   14:36  19.9   23:52   0.0   7.6   0.0   7.0  93.7   08:57   WSW
04  21.5  26.9   14:47  18.4   06:05   0.0   3.2   0.0   3.3  29.6   15:37    NE
05  22.2  29.6   11:44  16.5   05:43   0.2   4.2   0.0   1.0  34.6   13:10   NNE
06  23.4  31.7   14:15  19.3   04:52   0.0   5.1   0.0   0.4  10.1   04:00     E
07  20.5  23.8   08:53  14.2   23:58   0.2   2.4   3.1   1.3  33.9   23:08    SW
08  15.3  21.2   14:08  11.7   03:33   3.3   0.3   9.9   4.3  70.7   16:09   SSE
09  16.2  22.8   16:05   9.4   06:06   2.9   0.9   0.0   3.3  44.0   15:47    NE
10  17.7  24.8   13:23  11.6   05:42   2.3   1.8   0.0   3.1  31.0   11:11     E
11  18.3  25.2   12:03  11.8   05:37   2.1   2.1   0.0   3.0  60.6   14:39    NE
12  19.0  25.8   15:18  12.4   06:22   1.7   2.4   0.0   3.0  47.6   13:04    NE
13  20.6  28.7   15:27  12.8   05:21   1.3   3.5   0.0   2.9  51.9   17:06    NE
14  19.2  23.5   13:27  15.5   05:08   0.6   1.5   0.0   0.1  11.5   09:02   WNW
15  19.0  25.9   13:04  15.5   05:57   1.0   1.6   5.0   2.6  52.6   11:48   ESE
16  16.9  21.0   17:40  15.0   05:58   1.7   0.3   0.6   1.2  40.4   15:40   SSE
17  17.6  23.2   14:31  14.4   01:46   1.6   0.8   1.9   2.2  41.1   14:07   ESE
18  17.3  23.0   14:43  13.1   23:56   1.8   0.8   1.9   3.1  64.9   12:17   ENE
19  18.0  24.8   14:59  11.3   04:04   2.2   1.9   0.0   3.2  57.7   17:58    NE
20  20.4  28.5   15:04  13.3   03:51   1.3   3.4   3.7   3.9  31.0   18:32    NE
21  22.3  27.1   12:44  18.0   02:02   0.0   4.0   0.6   2.2  49.0   08:55   WSW
22  20.7  25.0   11:47  16.0   05:43   0.4   2.7   0.0   5.7  85.8   10:16   WSW
23  18.6  23.6   15:17  15.0   06:15   1.0   1.3   0.0  15.4 143.5   10:41   WSW
24  19.6  27.3   15:31  14.4   23:44   1.3   2.6   0.0   7.0  69.9   09:44    SW
25  18.3  27.8   14:13  11.5   05:29   2.0   2.1   0.0   2.8  82.2   13:47   SSW
26  18.7  25.1   14:55  12.9   06:06   1.5   1.9   0.0   3.3  44.7   18:46    SE
27  19.8  26.4   15:33  14.4   04:34   1.0   2.5   6.8   3.7  52.6   18:23    NE
28  17.5  19.5   06:03  15.1   00:55   1.1   0.3 129.0   5.4  46.1   10:16     E
29  17.4  22.4   17:36  14.4   03:41   1.6   0.7   0.0   3.9  46.1   03:25    SW
30  19.6  26.5   12:44  13.5   05:28   1.3   2.5   0.0   2.1  38.2   15:38   ENE
----------------------------------------------------------------------------------
    19.7  36.6     3     9.4     9    35.4  78.1 162.5   3.6 143.5    23       S

Max >=  27.0 10
Max <=   0.0  0
Min <=   0.0  0
Min <= -18.0  0
Max Rain: 129.0 on day 28
Days of Rain: 10 (>= 0.2 mm)  6 (>= 2.0 mm)  1 (>= 20.0 mm)
Heat Base: 18.3  Cool Base: 18.3  Method: Integration